{"id":7627,"date":"2023-06-21T14:55:20","date_gmt":"2023-06-21T12:55:20","guid":{"rendered":"https:\/\/mikai.dk\/?page_id=7627"},"modified":"2026-02-15T10:52:17","modified_gmt":"2026-02-15T09:52:17","slug":"6-aars-foedselsdag","status":"publish","type":"page","link":"https:\/\/mikai.dk\/index.php\/6-aars-foedselsdag\/","title":{"rendered":"6 \u00e5rs f\u00f8dselsdag"},"content":{"rendered":"\t\t<div data-elementor-type=\"wp-page\" data-elementor-id=\"7627\" class=\"elementor elementor-7627\">\n\t\t\t\t\t\t<section class=\"elementor-section elementor-top-section elementor-element elementor-element-417ff50 elementor-section-boxed elementor-section-height-default elementor-section-height-default\" data-id=\"417ff50\" data-element_type=\"section\" data-e-type=\"section\">\n\t\t\t\t\t\t<div class=\"elementor-container elementor-column-gap-default\">\n\t\t\t\t\t<div class=\"elementor-column elementor-col-100 elementor-top-column elementor-element elementor-element-068f3e5\" data-id=\"068f3e5\" data-element_type=\"column\" data-e-type=\"column\">\n\t\t\t<div class=\"elementor-widget-wrap elementor-element-populated\">\n\t\t\t\t\t\t<div class=\"elementor-element elementor-element-a220eaf elementor-widget elementor-widget-heading\" data-id=\"a220eaf\" data-element_type=\"widget\" data-e-type=\"widget\" data-widget_type=\"heading.default\">\n\t\t\t\t<div class=\"elementor-widget-container\">\n\t\t\t\t\t<h2 class=\"elementor-heading-title elementor-size-default\">6 \u00e5rs f\u00f8dselsdag<\/h2>\t\t\t\t<\/div>\n\t\t\t\t<\/div>\n\t\t\t\t\t<\/div>\n\t\t<\/div>\n\t\t\t\t\t<\/div>\n\t\t<\/section>\n\t\t\t\t<section class=\"elementor-section elementor-top-section elementor-element elementor-element-2994f81 elementor-section-boxed elementor-section-height-default elementor-section-height-default\" data-id=\"2994f81\" data-element_type=\"section\" data-e-type=\"section\">\n\t\t\t\t\t\t<div class=\"elementor-container elementor-column-gap-default\">\n\t\t\t\t\t<div class=\"elementor-column elementor-col-100 elementor-top-column elementor-element elementor-element-63f5d3d\" data-id=\"63f5d3d\" data-element_type=\"column\" data-e-type=\"column\">\n\t\t\t<div class=\"elementor-widget-wrap elementor-element-populated\">\n\t\t\t\t\t\t<div class=\"elementor-element elementor-element-89d1593 gallery-spacing-custom elementor-widget elementor-widget-image-gallery\" data-id=\"89d1593\" data-element_type=\"widget\" data-e-type=\"widget\" data-widget_type=\"image-gallery.default\">\n\t\t\t\t<div class=\"elementor-widget-container\">\n\t\t\t\t\t\t\t<div class=\"elementor-image-gallery\">\n\t\t\t<div id='gallery-1' class='gallery galleryid-7627 gallery-columns-2 gallery-size-large'><figure class='gallery-item'>\n\t\t\t<div class='gallery-icon portrait'>\n\t\t\t\t<a data-elementor-open-lightbox=\"yes\" data-elementor-lightbox-slideshow=\"89d1593\" data-elementor-lightbox-title=\"IMG_3229\" data-e-action-hash=\"#elementor-action%3Aaction%3Dlightbox%26settings%3DeyJpZCI6NzY1MSwidXJsIjoiaHR0cHM6XC9cL21pa2FpLmRrXC93cC1jb250ZW50XC91cGxvYWRzXC8yMDIzXC8wNlwvSU1HXzMyMjkuanBnIiwic2xpZGVzaG93IjoiODlkMTU5MyJ9\" href='https:\/\/mikai.dk\/wp-content\/uploads\/2023\/06\/IMG_3229.jpg'><img fetchpriority=\"high\" decoding=\"async\" width=\"580\" height=\"773\" src=\"https:\/\/mikai.dk\/wp-content\/uploads\/2023\/06\/IMG_3229.jpg\" class=\"attachment-large size-large\" alt=\"\" aria-describedby=\"gallery-1-7651\" srcset=\"https:\/\/mikai.dk\/wp-content\/uploads\/2023\/06\/IMG_3229.jpg 702w, https:\/\/mikai.dk\/wp-content\/uploads\/2023\/06\/IMG_3229-225x300.jpg 225w\" sizes=\"(max-width: 580px) 100vw, 580px\" \/><\/a>\n\t\t\t<\/div>\n\t\t\t\t<figcaption class='wp-caption-text gallery-caption' id='gallery-1-7651'>\n\t\t\t\t01.04..23 Mikai 6 \u00e5r\n\t\t\t\t<\/figcaption><\/figure><figure class='gallery-item'>\n\t\t\t<div class='gallery-icon portrait'>\n\t\t\t\t<a data-elementor-open-lightbox=\"yes\" data-elementor-lightbox-slideshow=\"89d1593\" data-elementor-lightbox-title=\"IMG_3231\" data-e-action-hash=\"#elementor-action%3Aaction%3Dlightbox%26settings%3DeyJpZCI6NzY1MiwidXJsIjoiaHR0cHM6XC9cL21pa2FpLmRrXC93cC1jb250ZW50XC91cGxvYWRzXC8yMDIzXC8wNlwvSU1HXzMyMzEuanBnIiwic2xpZGVzaG93IjoiODlkMTU5MyJ9\" href='https:\/\/mikai.dk\/wp-content\/uploads\/2023\/06\/IMG_3231.jpg'><img decoding=\"async\" width=\"580\" height=\"771\" src=\"https:\/\/mikai.dk\/wp-content\/uploads\/2023\/06\/IMG_3231-770x1024.jpg\" class=\"attachment-large size-large\" alt=\"\" aria-describedby=\"gallery-1-7652\" srcset=\"https:\/\/mikai.dk\/wp-content\/uploads\/2023\/06\/IMG_3231-770x1024.jpg 770w, https:\/\/mikai.dk\/wp-content\/uploads\/2023\/06\/IMG_3231-226x300.jpg 226w, https:\/\/mikai.dk\/wp-content\/uploads\/2023\/06\/IMG_3231-768x1022.jpg 768w, https:\/\/mikai.dk\/wp-content\/uploads\/2023\/06\/IMG_3231.jpg 878w\" sizes=\"(max-width: 580px) 100vw, 580px\" \/><\/a>\n\t\t\t<\/div>\n\t\t\t\t<figcaption class='wp-caption-text gallery-caption' id='gallery-1-7652'>\n\t\t\t\tLuis er ude p\u00e5 numre\n\t\t\t\t<\/figcaption><\/figure><figure class='gallery-item'>\n\t\t\t<div class='gallery-icon portrait'>\n\t\t\t\t<a data-elementor-open-lightbox=\"yes\" data-elementor-lightbox-slideshow=\"89d1593\" data-elementor-lightbox-title=\"IMG_3234\" data-e-action-hash=\"#elementor-action%3Aaction%3Dlightbox%26settings%3DeyJpZCI6NzY1MywidXJsIjoiaHR0cHM6XC9cL21pa2FpLmRrXC93cC1jb250ZW50XC91cGxvYWRzXC8yMDIzXC8wNlwvSU1HXzMyMzQuanBnIiwic2xpZGVzaG93IjoiODlkMTU5MyJ9\" href='https:\/\/mikai.dk\/wp-content\/uploads\/2023\/06\/IMG_3234.jpg'><img decoding=\"async\" width=\"580\" height=\"773\" src=\"https:\/\/mikai.dk\/wp-content\/uploads\/2023\/06\/IMG_3234-768x1024.jpg\" class=\"attachment-large size-large\" alt=\"\" srcset=\"https:\/\/mikai.dk\/wp-content\/uploads\/2023\/06\/IMG_3234-768x1024.jpg 768w, https:\/\/mikai.dk\/wp-content\/uploads\/2023\/06\/IMG_3234-225x300.jpg 225w, https:\/\/mikai.dk\/wp-content\/uploads\/2023\/06\/IMG_3234.jpg 826w\" sizes=\"(max-width: 580px) 100vw, 580px\" \/><\/a>\n\t\t\t<\/div><\/figure><figure class='gallery-item'>\n\t\t\t<div class='gallery-icon portrait'>\n\t\t\t\t<a data-elementor-open-lightbox=\"yes\" data-elementor-lightbox-slideshow=\"89d1593\" data-elementor-lightbox-title=\"IMG_3235\" data-e-action-hash=\"#elementor-action%3Aaction%3Dlightbox%26settings%3DeyJpZCI6NzY1NCwidXJsIjoiaHR0cHM6XC9cL21pa2FpLmRrXC93cC1jb250ZW50XC91cGxvYWRzXC8yMDIzXC8wNlwvSU1HXzMyMzUuanBnIiwic2xpZGVzaG93IjoiODlkMTU5MyJ9\" href='https:\/\/mikai.dk\/wp-content\/uploads\/2023\/06\/IMG_3235.jpg'><img loading=\"lazy\" decoding=\"async\" width=\"580\" height=\"772\" src=\"https:\/\/mikai.dk\/wp-content\/uploads\/2023\/06\/IMG_3235-769x1024.jpg\" class=\"attachment-large size-large\" alt=\"\" aria-describedby=\"gallery-1-7654\" srcset=\"https:\/\/mikai.dk\/wp-content\/uploads\/2023\/06\/IMG_3235-769x1024.jpg 769w, https:\/\/mikai.dk\/wp-content\/uploads\/2023\/06\/IMG_3235-225x300.jpg 225w, https:\/\/mikai.dk\/wp-content\/uploads\/2023\/06\/IMG_3235-768x1022.jpg 768w, https:\/\/mikai.dk\/wp-content\/uploads\/2023\/06\/IMG_3235.jpg 876w\" sizes=\"(max-width: 580px) 100vw, 580px\" \/><\/a>\n\t\t\t<\/div>\n\t\t\t\t<figcaption class='wp-caption-text gallery-caption' id='gallery-1-7654'>\n\t\t\t\tGlad julegris\n\t\t\t\t<\/figcaption><\/figure><figure class='gallery-item'>\n\t\t\t<div class='gallery-icon portrait'>\n\t\t\t\t<a data-elementor-open-lightbox=\"yes\" data-elementor-lightbox-slideshow=\"89d1593\" data-elementor-lightbox-title=\"IMG_3238\" data-e-action-hash=\"#elementor-action%3Aaction%3Dlightbox%26settings%3DeyJpZCI6NzY1NSwidXJsIjoiaHR0cHM6XC9cL21pa2FpLmRrXC93cC1jb250ZW50XC91cGxvYWRzXC8yMDIzXC8wNlwvSU1HXzMyMzguanBnIiwic2xpZGVzaG93IjoiODlkMTU5MyJ9\" href='https:\/\/mikai.dk\/wp-content\/uploads\/2023\/06\/IMG_3238.jpg'><img loading=\"lazy\" decoding=\"async\" width=\"580\" height=\"773\" src=\"https:\/\/mikai.dk\/wp-content\/uploads\/2023\/06\/IMG_3238-768x1024.jpg\" class=\"attachment-large size-large\" alt=\"\" srcset=\"https:\/\/mikai.dk\/wp-content\/uploads\/2023\/06\/IMG_3238-768x1024.jpg 768w, https:\/\/mikai.dk\/wp-content\/uploads\/2023\/06\/IMG_3238-225x300.jpg 225w, https:\/\/mikai.dk\/wp-content\/uploads\/2023\/06\/IMG_3238.jpg 826w\" sizes=\"(max-width: 580px) 100vw, 580px\" \/><\/a>\n\t\t\t<\/div><\/figure><figure class='gallery-item'>\n\t\t\t<div class='gallery-icon portrait'>\n\t\t\t\t<a data-elementor-open-lightbox=\"yes\" data-elementor-lightbox-slideshow=\"89d1593\" data-elementor-lightbox-title=\"IMG_3240\" data-e-action-hash=\"#elementor-action%3Aaction%3Dlightbox%26settings%3DeyJpZCI6NzY1NiwidXJsIjoiaHR0cHM6XC9cL21pa2FpLmRrXC93cC1jb250ZW50XC91cGxvYWRzXC8yMDIzXC8wNlwvSU1HXzMyNDAuanBnIiwic2xpZGVzaG93IjoiODlkMTU5MyJ9\" href='https:\/\/mikai.dk\/wp-content\/uploads\/2023\/06\/IMG_3240.jpg'><img loading=\"lazy\" decoding=\"async\" width=\"580\" height=\"773\" src=\"https:\/\/mikai.dk\/wp-content\/uploads\/2023\/06\/IMG_3240-768x1024.jpg\" class=\"attachment-large size-large\" alt=\"\" aria-describedby=\"gallery-1-7656\" srcset=\"https:\/\/mikai.dk\/wp-content\/uploads\/2023\/06\/IMG_3240-768x1024.jpg 768w, https:\/\/mikai.dk\/wp-content\/uploads\/2023\/06\/IMG_3240-225x300.jpg 225w, https:\/\/mikai.dk\/wp-content\/uploads\/2023\/06\/IMG_3240.jpg 826w\" sizes=\"(max-width: 580px) 100vw, 580px\" \/><\/a>\n\t\t\t<\/div>\n\t\t\t\t<figcaption class='wp-caption-text gallery-caption' id='gallery-1-7656'>\n\t\t\t\tUhmmmm den smagte\n\t\t\t\t<\/figcaption><\/figure><figure class='gallery-item'>\n\t\t\t<div class='gallery-icon portrait'>\n\t\t\t\t<a data-elementor-open-lightbox=\"yes\" data-elementor-lightbox-slideshow=\"89d1593\" data-elementor-lightbox-title=\"IMG_3241\" data-e-action-hash=\"#elementor-action%3Aaction%3Dlightbox%26settings%3DeyJpZCI6NzY1NywidXJsIjoiaHR0cHM6XC9cL21pa2FpLmRrXC93cC1jb250ZW50XC91cGxvYWRzXC8yMDIzXC8wNlwvSU1HXzMyNDEuanBnIiwic2xpZGVzaG93IjoiODlkMTU5MyJ9\" href='https:\/\/mikai.dk\/wp-content\/uploads\/2023\/06\/IMG_3241.jpg'><img loading=\"lazy\" decoding=\"async\" width=\"580\" height=\"773\" src=\"https:\/\/mikai.dk\/wp-content\/uploads\/2023\/06\/IMG_3241-768x1024.jpg\" class=\"attachment-large size-large\" alt=\"\" srcset=\"https:\/\/mikai.dk\/wp-content\/uploads\/2023\/06\/IMG_3241-768x1024.jpg 768w, https:\/\/mikai.dk\/wp-content\/uploads\/2023\/06\/IMG_3241-225x300.jpg 225w, https:\/\/mikai.dk\/wp-content\/uploads\/2023\/06\/IMG_3241.jpg 826w\" sizes=\"(max-width: 580px) 100vw, 580px\" \/><\/a>\n\t\t\t<\/div><\/figure>\n\t\t<\/div>\n\t\t<\/div>\n\t\t\t\t\t\t<\/div>\n\t\t\t\t<\/div>\n\t\t\t\t\t<\/div>\n\t\t<\/div>\n\t\t\t\t\t<\/div>\n\t\t<\/section>\n\t\t\t\t<section class=\"elementor-section elementor-top-section elementor-element elementor-element-a6bb38e elementor-section-boxed elementor-section-height-default elementor-section-height-default\" data-id=\"a6bb38e\" data-element_type=\"section\" data-e-type=\"section\">\n\t\t\t\t\t\t<div class=\"elementor-container elementor-column-gap-default\">\n\t\t\t\t\t<div class=\"elementor-column elementor-col-50 elementor-top-column elementor-element elementor-element-c1bfabd\" data-id=\"c1bfabd\" data-element_type=\"column\" data-e-type=\"column\">\n\t\t\t<div class=\"elementor-widget-wrap elementor-element-populated\">\n\t\t\t\t\t\t<div class=\"elementor-element elementor-element-cfe3dc6 elementor-widget elementor-widget-image\" data-id=\"cfe3dc6\" data-element_type=\"widget\" data-e-type=\"widget\" data-widget_type=\"image.default\">\n\t\t\t\t<div class=\"elementor-widget-container\">\n\t\t\t\t\t\t\t\t\t\t\t\t\t\t\t\t<a href=\"https:\/\/mikai.dk\/index.php\/foto\/\">\n\t\t\t\t\t\t\t<img loading=\"lazy\" decoding=\"async\" width=\"250\" height=\"50\" src=\"https:\/\/mikai.dk\/wp-content\/uploads\/2023\/06\/Til-Foto-1.jpg\" class=\"attachment-large size-large wp-image-7378\" alt=\"\" \/>\t\t\t\t\t\t\t\t<\/a>\n\t\t\t\t\t\t\t\t\t\t\t\t\t\t\t<\/div>\n\t\t\t\t<\/div>\n\t\t\t\t\t<\/div>\n\t\t<\/div>\n\t\t\t\t<div class=\"elementor-column elementor-col-50 elementor-top-column elementor-element elementor-element-abaf40d\" data-id=\"abaf40d\" data-element_type=\"column\" data-e-type=\"column\">\n\t\t\t<div class=\"elementor-widget-wrap elementor-element-populated\">\n\t\t\t\t\t\t<div class=\"elementor-element elementor-element-0d604a4 elementor-widget elementor-widget-image\" data-id=\"0d604a4\" data-element_type=\"widget\" data-e-type=\"widget\" data-widget_type=\"image.default\">\n\t\t\t\t<div class=\"elementor-widget-container\">\n\t\t\t\t\t\t\t\t\t\t\t\t\t\t\t\t<a href=\"https:\/\/mikai.dk\/\" target=\"_blank\">\n\t\t\t\t\t\t\t<img loading=\"lazy\" decoding=\"async\" width=\"250\" height=\"50\" src=\"https:\/\/mikai.dk\/wp-content\/uploads\/2023\/06\/Til-forsiden-13.jpg\" class=\"attachment-large size-large wp-image-7330\" alt=\"\" \/>\t\t\t\t\t\t\t\t<\/a>\n\t\t\t\t\t\t\t\t\t\t\t\t\t\t\t<\/div>\n\t\t\t\t<\/div>\n\t\t\t\t\t<\/div>\n\t\t<\/div>\n\t\t\t\t\t<\/div>\n\t\t<\/section>\n\t\t\t\t<\/div>\n\t\t","protected":false},"excerpt":{"rendered":"<p>6 \u00e5rs f\u00f8dselsdag 01.04..23 Mikai 6 \u00e5r Luis er ude p\u00e5 numre Glad julegris Uhmmmm den smagte<\/p>\n","protected":false},"author":2,"featured_media":0,"parent":0,"menu_order":0,"comment_status":"closed","ping_status":"closed","template":"elementor_header_footer","meta":{"footnotes":""},"class_list":["post-7627","page","type-page","status-publish","hentry"],"_links":{"self":[{"href":"https:\/\/mikai.dk\/index.php\/wp-json\/wp\/v2\/pages\/7627","targetHints":{"allow":["GET"]}}],"collection":[{"href":"https:\/\/mikai.dk\/index.php\/wp-json\/wp\/v2\/pages"}],"about":[{"href":"https:\/\/mikai.dk\/index.php\/wp-json\/wp\/v2\/types\/page"}],"author":[{"embeddable":true,"href":"https:\/\/mikai.dk\/index.php\/wp-json\/wp\/v2\/users\/2"}],"replies":[{"embeddable":true,"href":"https:\/\/mikai.dk\/index.php\/wp-json\/wp\/v2\/comments?post=7627"}],"version-history":[{"count":28,"href":"https:\/\/mikai.dk\/index.php\/wp-json\/wp\/v2\/pages\/7627\/revisions"}],"predecessor-version":[{"id":10555,"href":"https:\/\/mikai.dk\/index.php\/wp-json\/wp\/v2\/pages\/7627\/revisions\/10555"}],"wp:attachment":[{"href":"https:\/\/mikai.dk\/index.php\/wp-json\/wp\/v2\/media?parent=7627"}],"curies":[{"name":"wp","href":"https:\/\/api.w.org\/{rel}","templated":true}]}}